 15*p**2 + 2*p + 49. Determine s(7).
14
Let g(w) = 6*w**3 - w**2 + w - 6. Determine g(2).
40
Let v(i) = 2*i**3 - 6*i**2 + 25*i - 65. Determine v(6).
301
Let i(l) = -44*l**3 + 87*l**2 + 33*l - 57. Determine i(2).
5
Let j(y) = -387*y - 1941. Calculate j(-5).
-6
Let s(p) = -p**3 - 23*p**2 + 57*p + 82. Give s(-25).
-93
Let d(o) = 4*o**3 - 10*o**2 + 12*o. Calculate d(3).
54
Let z(n) = -2*n**3 - 11*n**2 - 15*n - 8. Calculate z(-3).
-8
Let o(w) = 20*w + 1081. Calculate o(-52).
41
Let n(m) = -116*m - 8645. What is n(-75)?
55
Let r(b) = 135*b + 4196. Determine r(-31).
11
Let l(v) = -v**3 - 6*v**2 - 18*v + 24. Give l(-5).
89
Let n(a) = 2*a**2 + 149*a - 2269. What is n(13)?
6
Let f(c) = -2*c**3 + 7*c**2 - 3*c + 51. Give f(5).
-39
Let p(r) = r**2 - 33*r - 341. Calculate p(40).
-61
Let d(t) = -6*t**2 + 5*t + 10. Give d(-6).
-236
Let t(i) = -2*i**3 - 33*i**2 - 91*i - 11. Calculate t(-13).
-11
Let l(k) = k**2 + 473*k - 6828. Determine l(14).
-10
Let o(f) = 73*f - 52. Determine o(0).
-52
Let i(l) = -4*l**2 + 74*l - 331. Determine i(10).
9
Let r(p) = -37*p + 19. Give r(4).
-129
Let j(i) = -126*i + 758. Give j(6).
2
Let y(i) = i**2 - 69*i + 816. Calculate y(54).
6
Let b(z) = 6*z**2 - 106*z + 42. What is b(17)?
-26
Let b(u) = u**3 - 12*u**2 - 17*u + 7. Give b(14).
161
Let v(y) = -2*y**2 + y - 72. Determine v(10).
-262
Let l(v) = -124*v - 7. What is l(0)?
-7
Let q(o) = 23*o + 59. Determine q(-7).
-102
Let h(u) = 2*u**2 + 1058*u + 6274. Give h(-6).
-2
Let f(k) = -117*k - 449. What is f(-8)?
487
Let m(y) = -y**2 + 29*y + 3462. What is m(-46)?
12
Let p(r) = r + 49. What is p(-27)?
22
Let n(w) = 689*w + 43412. What is n(-63)?
5
Let j(k) = -2*k**3 - 20*k**2 - 2*k + 13. Give j(-11).
277
Let r(a) = 5*a + 13. Determine r(-7).
-22
Let l(t) = t**3 - 54*t**2 - 638*t - 126. Give l(64).
2
Let y(k) = -10*k - 267. Give y(-17).
-97
Let h(c) = -6*c**2 - 52*c - 41. What is h(-8)?
-9
Let g(d) = -184*d + 1844. Give g(10).
4
Let c(x) = -3*x**3 + 3*x**2 - 38*x + 8. Determine c(4).
-288
Let g(z) = z**2 - 164*z - 32094. Give g(-115).
-9
Let v(f) = -f**2 - 1806*f - 5413. Give v(-3).
-4
Let w(a) = -11*a + 482. Determine w(28).
174
Let f(w) = 4*w**3 - 80*w**2 - 146*w + 2921. Calculate f(20).
1
Let m(u) = -108*u - 387. What is m(-4)?
45
Let j(g) = -49*g - 1170. Give j(-24).
6
Let u(x) = 6*x**2 + 139*x - 267. Determine u(-25).
8
Let m(u) = 25*u + 6. What is m(1)?
31
Let s(i) = 109*i**2 + 94*i - 6. Determine s(-1).
9
Let o(a) = 19*a - 504. Calculate o(29).
47
Let p(m) = -3*m**2 - 18*m - 187. What is p(-15)?
-592
Let q(t) = 6*t**3 + 13*t**2 + 6*t + 2. Calculate q(-2).
-6
Let h(p) = 204*p + 10. Calculate h(0).
10
Let u(p) = p**3 - 59*p - 176. Determine u(-5).
-6
Let h(u) = 8*u**2 - 87*u + 95. What is h(9)?
-40
Let v(f) = 101*f - 1521. Give v(20).
499
Let b(j) = -1552*j + 17088. What is b(11)?
16
Let h(r) = -95*r - 290. What is h(-3)?
-5
Let x(v) = 43*v**3 + v**2 + 16*v - 16. What is x(1)?
44
Let m(z) = -4041*z + 16200. Calculate m(4).
36
Let w(i) = i**2 - 114*i + 2241. Determine w(90).
81
Let i(v) = -9*v + 554. Determine i(61).
5
Let u(m) = -m**3 - 2*m**2 + 34*m + 98. What is u(-5)?
3
Let a(x) = 39*x + 530. Give a(9).
881
Let d(w) = -w**3 + 9*w**2 + 3*w - 16. Give d(0).
-16
Let q(f) = -91*f - 175. Calculate q(-7).
462
Let d(v) = -4*v**3 + 74*v**2 - 39*v + 88. What is d(18)?
34
Let b(z) = z**3 + 7*z**2 - 28*z + 266. What is b(-12)?
-118
Let n(g) = -8*g + 49. Determine n(39).
-263
Let z(u) = -8*u**3 + 4*u**2 + 3*u + 6. Calculate z(-2).
80
Let f(a) = -9*a + 437. Give f(50).
-13
Let c(q) = 63*q - 4280. Calculate c(68).
4
Let l(r) = 2*r**3 + 90*r**2 - 91*r + 120. Calculate l(-46).
74
Let r(f) = 529*f + 3698. Calculate r(-7).
-5
Let w(s) = 56*s + 1512. What is w(-27)?
0
Let a(w) = 9*w**3 - 198*w**2 - 6*w + 129. Give a(22).
-3
Let h(k) = 22*k + 580. Calculate h(-15).
250
Let q(y) = -2*y**3 + 115*y**2 - 39*y + 5649. Give q(58).
23
Let o(r) = -r**3 - 13*r**2 + 4*r - 30. Calculate o(0).
-30
Let x(z) = -z**2 + 372*z + 29407. Give x(-67).
-6
Let a(u) = 21*u + 149. Give a(-9).
-40
Let i(x) = -2*x**2 - 13*x - 52. What is i(-7)?
-59
Let o(t) = 14*t + 513. Give o(9).
639
Let x(m) = -m**2 + 62*m - 55. Give x(61).
6
Let b(h) = -h**3 - 8*h**2 + 17*h - 18. Calculate b(2).
-24
Let l(n) = 58*n + 375. What is l(-7)?
-31
Let t(w) = -w**3 + 3*w**2 - w - 18. What is t(3)?
-21
Let g(s) = s**3 + 12*s**2 + 3*s + 37. Calculate g(-9).
253
Let a(l) = -2*l**3 + 49*l**2 + 24*l - 21. Calculate a(25).
-46
Let i(h) = 3*h + 399. Determine i(67).
600
Let k(x) = -23*x**2 + 413*x + 14. What is k(18)?
-4
Let g(a) = 14*a**2 - 74*a - 551. Calculate g(-6).
397
Let q(v) = 881*v + 2657. Calculate q(-3).
14
Let x(k) = 50*k - 1509. Calculate x(29).
-59
Let p(n) = -n**3 + 12*n**2 + 15*n - 23. Give p(-2).
3
Let t(x) = -63*x**2 - 246*x + 18. Determine t(-4).
-6
Let g(n) = n**3 - 19*n**2 + 34*n - 1077. What is g(20)?
3
Let b(f) = -6*f**2 + 137*f - 79. Determine b(22).
31
Let i(y) = -y**2 + 11*y + 29. What is i(-11)?
-213
Let u(q) = q**3 + 19*q**2 + 96*q + 1059. Determine u(-17).
5
Let k(f) = 133*f - 5463. Determine k(41).
-10
Let b(c) = c**3 - 36*c**2 + 292*c + 449. Determine b(21).
-34
Let n(c) = 2*c**2 + 50*c + 196. Give n(-20).
-4
Let o(q) = q**2 + 139*q + 3417. Give o(-32).
-7
Let w(u) = -u**2 + 1022*u - 3075. What is w(3)?
-18
Let b(m) = m**2 + 106*m - 553. Determine b(5).
2
Let c(q) = -5*q**2 - 31*q - 226. Give c(0).
-226
Let i(s) = s**2 - 45*s - 41. Calculate i(49).
155
Let q(f) = 4*f - 250. Calculate q(68).
22
Let o(p) = -93*p - 1280. Determine o(-14).
22
Let d(z) = -z**3 - 15*z**2 + 142*z + 809. Give d(-20).
-31
Let a(k) = -2*k**2 + 100*k - 99. Calculate a(1).
-1
Let r(b) = -9*b**3 + 91*b**2 - 203*b + 57. What is r(7)?
8
Let l(k) = -204*k + 203. Calculate l(1).
-1
Let n(c) = -140*c - 5703. Determine n(-41).
37
Let k(t) = -7*t**3 + 21*t**2 - 30*t + 17. What is k(5)?
-483
Let b(s) = 8061*s + 80614. Determine b(-10).
4
Let x(y) = -35*y + 156. Determine x(4).
16
Let n(x) = -x**3 + 17*x**2 - 12*x + 34. Determine n(9).
574
Let f(c) = -2*c**3 - 16*c**2 - 21*c - 27. What is f(-6)?
-45
Let n(t) = 512*t + 3068. Give n(-6).
-4
Let b(n) = 66*n - 409. Give b(7).
53
Let f(q) = 26*q**2 + 179*q - 37. Determine f(-7).
-16
Let p(w) = w**3 + 2*w**2 - w. Determine p(2).
14
Let u(r) = 313*r - 102660. Determine u(328).
4
Let l(o) = -o**3 - 15*o**2 - 12*o - 34. Give l(-9).
-412
Let i(r) = 90*r + 4588. What is i(-52)?
-92
Let s(f) = f**2 - 261*f + 1259. Give s(5).
-21
Let k(x) = -213*x - 4309. Determine k(-20).
-49
Let a(h) = 2*h**3 - 238*h**2 + 15*h - 1790. Calculate a(119).
-5
Let b(h) = 2*h**2 - 301*h - 771. Give b(153).
-6
Let x(c) = -c**2 + 454*c - 48059. Give x(286).
-11
Let f(g) = -125*g - 20. Calculate f(2).
-270
Let f(i) = 21*i**2 - 2519*i - 134. Determine f(120).
-14
Let d(f) = f**3 + 22*f**2 - 29*f - 13. Calculate d(-23).
125
Let q(y) = 4*y**2 - 10*y + 30. Give q(4).
54
Let n(f) = 252*f**2 + 50*f - 51. Give n(1).
251
Let p(k) = -6*k**3 - 54*k**2 - 48*k + 27. Calculate p(-8).
27
Let c(s) = 10*s - 405. Determine c(28).
-125
Let l(o) = -2*o**3 + 8*o**2 + 10*o - 48. Give l(2).
-12
Let z(n) = -n**3 + n**2 - 39*n + 216. Give z(5).
-79
Let c(m) = 33*m - 1362. Give c(41).
-9
Let w(o) = -38*o - 871. Calculate w(-24).
41
Let m(c) = 34*c - 438. What is m(14)?
38
Let g(c) = 10*c**2 - 537*c - 175. Calculate g(54).
-13
Let n(j) = -33*j + 2157. Calculate n(66).
-21
Let p(m) = -145*m + 29. Determine p(-2).
319
Let a(x) = -487*x + 3897. Give a(8).
1
Let a(s) = s**3 - 33*s**2 + 37*s + 36. Give a(32).
196
Let b(c) = -968*c + 7816. Give b(8).
72
Let i(w) = 2*w + 214. Give i(-12).
190
Let f(l) = 2*l**2 + l - 28. Calculate f(-12).
248
Let h(c) = c**2 - 46*c + 331. What is h(37)?
-2
Let j(a) = -125*a + 41. What is j(-4)?
541
Let m(k) = 154*k + 9102. Determine m(-59).
16
Let b(v) = 2*v**2 - 54*v + 23. What is b(30)?
203
Let o(q) = 2*q**3 + 658*q**2 + 5*q + 7. What is o(0)?
7
Let x(h) = -517*h + 987. Calculate x(2).
-47
Let f(b) = -2*b**3 + 3*b**2 + 8*b + 4. Give f(3).
1
Let c(p) = -298*p - 1117. Give c(-4).
75
Let k(p) = -13*p - 14. Calculate k(8).
-118
Let z(w) = -105*w - 6828. Give z(-69).
417
Let g(s) = -s**3 - 54*s**2 + 1655*s + 370. Calculate g(22).
-4
Let g(s) = -189*s - 965. Give g(-6).
169
Let x(j) = -1163*j + 11614. Give x(10).
-16
Let t(a) = -236*a + 3540. Ca